m. Suppose -2*y + m = -1. What are the prime factors of y?
2, 5
Suppose 2*v - 6448 = -2*p, 0 = 147*p - 146*p + 3*v - 3220. What are the prime factors of p?
2, 1613
Let j = 123 - 132. What are the prime factors of (j + 2)/(2 - (-138)/(-68))?
2, 7, 17
Let v = -11 - -25. Let g = v - 10. Suppose 0 = g*b - 3*n - 62, 2*n = b + 3 - 16. What are the prime factors of b?
17
Let v = -7 - -10. Suppose 3*l + 75 = 2*s - 0*l, 0 = -s - 3*l + 33. Suppose 2*i + s = v*i. What are the prime factors of i?
2, 3
Let u(q) be the third derivative of q**4/12 - q**3/3 - 3*q**2. Let a be u(1). Let v(k) = k + 33. What are the prime factors of v(a)?
3, 11
Suppose 52*k - 44*k = 3656. What are the prime factors of k?
457
Suppose -5*c = -853 + 8. List the prime factors of c.
13
Let w(p) = p**3 + p**2 - 3*p + 285. Let q(h) = 2*h**2 + 16*h. Let k be q(-8). List the prime factors of w(k).
3, 5, 19
Suppose 4*p - 1693 = 5307. What are the prime factors of p?
2, 5, 7
Let m = 6 - -5. Suppose 3*y + 9 = 4*g, -5*y - m - 4 = -3*g. Suppose -3*i + g*b + 4*b + 41 = 0, -3*b = -3*i + 42. What are the prime factors of i?
3, 5
Let d(g) = 8 + g + 5 - 2 + 4. Let r = 3 - -8. List the prime factors of d(r).
2, 13
Let i = 927 - 515. What are the prime factors of i?
2, 103
Let s(t) = 15*t - 5. Let l(i) = i**3 + 7*i**2 - 7*i + 16. Let o be l(-8). What are the prime factors of s(o)?
5, 23
Let r(l) = -23*l + 32. Let z be r(5). Let w = z - -254. What are the prime factors of w?
3, 19
Let u(f) be the first derivative of f**4/4 - 3*f**3 - 4*f**2 - 8*f + 6. Let y be u(10). Suppose -8 = -4*i + y. What are the prime factors of i?
5
Suppose 2*d + d = 60. Suppose 2*m - 4*w - 10 = 0, -d = -4*m - 0*m - 2*w. Suppose 0 = -3*i + 3*j - 0*j + 66, -40 = -i - m*j. List the prime factors of i.
5
Let z be ((-80)/(-12))/(6/27). What are the prime factors of (-15)/z - 59/(-2)?
29
Let z be (3/(-2))/((-33)/(-88)). List the prime factors of (z + 52/12)*27.
3
Suppose 11*j - 16*j = -10. Suppose -264 = -2*z + 2*s + j*s, z = 5*s + 141. What are the prime factors of z?
2, 3, 7
Suppose 14*g = 15*g. List the prime factors of (2*42)/(g + 1).
2, 3, 7
Let d(w) = 28*w**2 + 14*w + 44. What are the prime factors of d(-5)?
2, 337
Let x(m) = -m**3 + 4*m**2 - 2*m - 260. Let l(j) = j**2 + 1. Let f(g) = 3*l(g) - x(g). List the prime factors of f(0).
263
Let f(l) = 13 + 5*l + 0 + 0 + 11. What are the prime factors of f(9)?
3, 23
Suppose -2*q + 204 = k, k = -3*q - 35 + 341. What are the prime factors of q?
2, 3, 17
Let x(a) = -32*a**3 - 9*a**2 - 8*a + 7. What are the prime factors of x(-3)?
2, 11, 37
Let j = -40 + 24. Let a(k) = -k**2 - 17*k + 4. List the prime factors of a(j).
2, 5
Let r be (-1)/(-2)*40 + 3. Let z = r + -19. Suppose -z = s - 29. List the prime factors of s.
5
Suppose -3*w + 7 = -q, w + q - 13 = -w. Suppose z - 23 = 3*l - w, 4*l + 4*z + 4 = 0. What are the prime factors of (-9)/3 - 3*l?
2, 3
Let k = 942 + -948. Suppose -4*b - 9 - 14 = -3*y, 2*y = 5*b + 13. Let t = y + k. List the prime factors of t.
3
Suppose -4*t - 3*m = -29, -4*m + 13 = 3*t - 14. Suppose 2*u - 2*b - 77 = u, 3*b - 320 = -t*u. List the prime factors of u.
67
Let k = 3252 - 2171. List the prime factors of k.
23, 47
Suppose 0 = 2*t + 4*f - 1348, -7 = -2*f - 3. List the prime factors of t.
2, 5, 67
Let r(n) = 71*n + 194. What are the prime factors of r(21)?
5, 337
Suppose -2*y = -0*y - 8, -5*i + y = -841. Suppose -9*u + i = -389. List the prime factors of u.
2, 31
Suppose -5*r + 255 + 473 = -3*o, -2*o - 147 = -r. What are the prime factors of r?
5, 29
Let l(z) = -10*z**2 - 2*z - 1. Let y be l(2). List the prime factors of (-1480)/y + (-2)/(-18).
3, 11
Let m(i) = 75*i + 137. List the prime factors of m(15).
2, 631
Suppose 3*a - 10 = 2. Suppose a*o + 51 + 25 = 0. Let j = o - -34. What are the prime factors of j?
3, 5
Suppose 5*g - 2*b + 39 - 169 = 0, -b = 2*g - 61. Let y be 1/5 - 172/10. Let i = g + y. What are the prime factors of i?
11
Let w(p) = p**3 + 14*p**2 + 12*p - 22. Let c be w(-13). Let y(h) = 3*h + 53. What are the prime factors of y(c)?
2, 13
Suppose g - 166 = j + 189, -3*g + 1060 = -2*j. List the prime factors of g.
2, 5, 7
Let i be (-1)/(-2) - (-116)/(-8). Let g = i - -20. Suppose 9 + 99 = g*k. What are the prime factors of k?
2, 3
Let s = -169 - -193. Let x(m) = m**2 + m - 14. Let q be x(0). Let y = s + q. What are the prime factors of y?
2, 5
Let r = 760 + -184. What are the prime factors of r?
2, 3
Let y(s) = 129*s**2 - 11*s + 18. What are the prime factors of y(2)?
2
Let o be 308*-3*(-4)/(-16). What are the prime factors of o/(-6) + (-4)/(-8)?
3, 13
Suppose -5*y - t - 73 = -0*y, -4*t = 12. List the prime factors of (15/(-2) - 1)/(y/140).
5, 17
Suppose 10*c - 29725 = -31*c. What are the prime factors of c?
5, 29
Suppose 2*r - 3*r + 30 = 0. Let y = 39 - r. What are the prime factors of y?
3
Let m be ((-6)/30)/(2/10). What are the prime factors of (-396 - 2)*(0 + m)/2?
199
Let g(a) = 38*a**2 + 22*a + 27. List the prime factors of g(-5).
3, 17
Let t be (-2)/4 - 120/(-16). What are the prime factors of t + -1 + (15 - 17)?
2
Suppose 2*c - 10 = -2*v - 2, 4*v + 8 = 2*c. Suppose -4*r = -5*w - 549, -c*r + 4*w = 116 - 660. List the prime factors of r.
131
Let o(q) = q**2 - 4*q - 14. Let d be o(7). Suppose -d*s = -2*s - 370. List the prime factors of s.
2, 37
Suppose 3*n - 60 = -2*h, -3*n + 3*h + 40 = -n. Suppose 3*c = -5*v - 46, 5*c - 3*v = -n - 0. List the prime factors of -1 + c/((-28)/64).
3, 5
Let s be ((-74)/(-4))/(2/4). Let d = -34 + s. Suppose 0*v + 2 = 2*o + v, -4*o = d*v. What are the prime factors of o?
3
Let f = -192 - -32. Let t = f - -267. Let l = t + -57. What are the prime factors of l?
2, 5
Let g(f) = f**3 - f - 25*f**2 + 30 + 10*f**2 + 14*f**2. What are the prime factors of g(0)?
2, 3, 5
Let w(m) = m**2 - 9*m + 11. Let u be w(10). Suppose 8*j = j + u. Let f = 11 - j. What are the prime factors of f?
2
Suppose 0 = 7*s - 3*s - 12. Suppose 0*h - 20 = -5*h, s*h + 326 = 2*z. List the prime factors of z.
13
Let k be 9/15 - (-18)/(-5). Let r = k + 31. Suppose -8*d + 4*d = -r. List the prime factors of d.
7
Suppose -254*i + 255*i - 223 = 0. List the prime factors of i.
223
Let i = 3828 - 2680. List the prime factors of i.
2, 7, 41
Suppose 7 = 3*k + 19, 0 = -2*x + k - 80. Let n = -12 - x. List the prime factors of n.
2, 3, 5
Let b be -1 - -8*(-12)/(-8). Suppose c = 18 + b. List the prime factors of c.
29
Suppose 3*z - 4*d - 5 + 0 = 0, 10 = -z - d. List the prime factors of z + (-1 - -8) + 31 + 1.
2, 17
Let s(q) = 15*q**2 + 5*q + 1. Let u be s(-3). Suppose u + 354 = 5*i - 5*y, -5*i - 4*y = -484. What are the prime factors of i?
2, 3
Suppose 0 = 5*k - 2*c - 11, 0*c + 13 = k + 5*c. Suppose 3*p + k = 0, -p - 55 = -3*l - 0*p. What are the prime factors of l?
2, 3
Let p(j) = -3*j - 3 - 1 - 2 + 1. Let y be p(-3). Suppose 2*k - 18 = y*d - 3*d, 4*k + 5*d = 36. List the prime factors of k.
3
Let f = 217 - 9. What are the prime factors of f?
2, 13
Suppose 0 = -i - 3*z + 2232, 34*i + 4460 = 36*i + 2*z. List the prime factors of i.
3, 743
Suppose 3*d + 4 = j + 18, -j - 5*d = 14. Let m = 46 + j. Suppose 5*x - c - m = 2*c, 2*x + 3*c + 4 = 0. List the prime factors of x.
2
Let l be 7/((-84)/32)*-291. Suppose 4*p + l = -w + 4*w, 4*w - 4*p - 1032 = 0. Suppose 0 = 3*f - 7*f + w. What are the prime factors of f?
2
Suppose 3*c = -h + 1033, 288*h - 5*c = 286*h + 2121. What are the prime factors of h?
2, 131
Suppose -67 + 23 = -4*u - o, -5*u = o - 56. List the prime factors of u.
2, 3
Let s(a) = -a**2 + 10*a + 8. Let u be s(12). Suppose -17 = 3*d - 4*d - 2*q, -3*d + 49 = 4*q. List the prime factors of d/(((-60)/u)/5).
2, 5
Let t(j) = 4*j**2 + j + 2. Let z be t(-3). Let d = z + 7. List the prime factors of d.
2, 3, 7
Let y(x) = 66*x + 25. What are the prime factors of y(17)?
31, 37
Suppose 3465 = 4*v - 5*n, 2*v + 2*v - 3415 = -5*n. What are the prime factors of v?
2, 5, 43
Let u(o) = 5*o - 1. Let d be u(-1). Let z(h) = -7*h - 3. Let k be z(d). Let y = k + -15. What are the prime factors of y?
2, 3
Suppose -2*w = -6*w. Suppose 7*k = 4*k - 4*r + 14, -4*k - 5*r + 18 = w. Let g(n) = 9*n + 2. List the prime factors of g(k).
2, 5
Suppose -75*q = -285840 + 40665. List the prime factors of q.
7, 467
Let w(a) = 857*a + 7. What are the prime factors of w(1)?
2, 3
Let j(m) = -m**2 